mine c(-5).
5
Let l(z) = -1 - 10 + 2*z + 2. Suppose 34 = 5*c + 4*o, -9*c + 25 = -4*c - 5*o. Calculate l(c).
3
Let w(o) = -o**2 - 7*o - 7. Let q be w(-6). Let k = -5 - q. Let j(d) = -d + 2. Let l(b) = -1. Let i(x) = -2*j(x) - 10*l(x). What is i(k)?
-2
Let v(l) = -2*l - 56*l**2 + 28*l**2 + 7*l - 3 + 29*l**2. Give v(-5).
-3
Let n be 6 - (4/(-4) + 3). Suppose 2*f = n*f. Suppose f = 4*r - 8*r - 8. Let c(k) = -4*k - 3. Calculate c(r).
5
Let c(i) = -47*i + 268. Let n be c(6). Let p(m) = m + 21. Calculate p(n).
7
Let g(m) be the first derivative of m**3 + 4 + m + 4*m**3 - m**3 - 6. Let d(r) = -r**2 - 5*r + 5. Let b be d(-6). What is g(b)?
13
Let o(s) = -s**2 - 2*s - 2. Suppose -4*m - 29 = 3*l - 21, 4*l - 5*m + 21 = 0. Determine o(l).
-10
Let z(b) = -b - 11. Let k be (-15)/12 - -1 - 13/(-4). Let a(f) = 4*f - 20. Let x be a(k). Determine z(x).
-3
Suppose 8*u + 47 = 103. Let l(r) = -r**3 + 7*r**2 - r + 1. Determine l(u).
-6
Let y(p) = p**2 - 5*p - 17. Let l be y(8). Let j(m) = -2*m**2 + 15*m - 10. Calculate j(l).
-3
Let w(l) be the first derivative of l**4/4 + 4*l**3 + l**2 + 16*l + 182. Determine w(-12).
-8
Let f be ((1 + -1)/(-5) - 0)/(-1). Let s(j) = j - 17. Calculate s(f).
-17
Suppose 0 = -y - 5*d - 5 + 2, 4*y = 5*d + 13. Suppose -14 = -y*b - 0*b. Suppose 4*p - 5 - b = 0. Let g(a) = -a**3 + 4*a**2 - 4. Calculate g(p).
5
Let m(a) = -a**3 + 5*a**2 - 3*a - 3. Let i = -968 + 971. What is m(i)?
6
Let t(x) = x**3 + x. Let v(s) = -5*s**2 - 3*s + 4. Let h(b) = t(b) + v(b). Let f = 2187 - 2182. Give h(f).
-6
Let h(j) = j**2 - 5*j - 7. Let m = -12 + 4. Let x(r) = 2*r + 13. Let v(z) = 6*z + 40. Let o(y) = 2*v(y) - 7*x(y). Let t be o(m). Calculate h(t).
-7
Let y(o) = 3*o**2 - 3*o + 2. Let v(s) = -1. Let i(w) = w**2 - 2*w + 3. Let r(u) = i(u) + 2*v(u). Let g(x) = -5*r(x) + 3*y(x). Give g(-1).
4
Let n = -1069 + 1074. Let s(c) = c**3 - 7*c**2 + 5*c + 6. Determine s(n).
-19
Let o = 215 - 210. Let f = -13 - -18. Let d(h) = h**2 + f - 5*h + 0 - 2. Calculate d(o).
3
Let t(c) be the first derivative of c**2/2 + 2*c - 135. Calculate t(4).
6
Let d(l) be the first derivative of -4/3*l**3 + 1/4*l**4 - 21 - 3*l + 3/2*l**2. Give d(4).
9
Let d(s) = -8 - 3*s - 9*s + 4*s + 4. Let v(b) = 6*b + 3. Let g(i) = -5*d(i) - 7*v(i). Give g(2).
-5
Let n(w) = -3*w**3 + 5*w**2 - 14*w - 5. Let a(i) = 2*i**3 - 5*i**2 + 12*i + 4. Let t(k) = 4*a(k) + 3*n(k). Give t(-6).
1
Suppose 26 = 22*u + 114. Let g(t) = -t**2 - t + 1. Determine g(u).
-11
Let c be (-238)/(-15) - (-10)/75. Suppose 0 = -c*l + 12*l. Let q(o) = o**3 - 2*o**2 - o - 5. What is q(l)?
-5
Let i = -8151 + 8148. Let u(h) = 4*h**3 + 3*h**2 - 5*h - 4. Let l(o) = -5*o**3 - 3*o**2 + 6*o + 4. Let x(f) = -3*l(f) - 4*u(f). Give x(i).
-2
Suppose 22*k + 84 + 92 = 0. Let t(q) = -2*q - 8. Calculate t(k).
8
Suppose -o + y + 5 = 0, -29 = -5*o - 0*o + y. Let r(x) = x**2 + 2*x + 1. Calculate r(o).
49
Let d(q) be the first derivative of q**4/4 - 5*q**3/3 - 3*q**2/2 - 3*q + 3. Let m(g) = 14*g + 34. Let s be m(-2). Calculate d(s).
15
Let o(x) = x + 15. Let m = 17 - 23. Let s be (14/9)/(-7) + m/(-27). Give o(s).
15
Let u(q) = 7*q - 9. Let c be u(-5). Let i = 47 + c. Let l(d) = 3*d - 3. Give l(i).
6
Suppose z = 3*s - 2*z - 21, 0 = 3*z - 6. Let w(h) = -h**2 + 10*h - 3. Let n be w(s). Let u(t) = -t**2 + t**3 + n*t + 0 - 5 + t - 6*t**2. What is u(6)?
1
Let b be (7 - 6)/(1/3). Let f = -5 - 1. Let y(a) = 5*a - 5. Let t(p) = p - 1. Let s(v) = f*y(v) + 33*t(v). Determine s(b).
6
Suppose 0 = -5*c + k - 50, c - k + 3*k + 10 = 0. Let o(q) = -2*q - 1. Determine o(c).
19
Let f(t) = 2*t**3 + 2*t**2 - 1. Suppose -2*o = -53 - 7. Suppose p = -p - o. Let d = -14 - p. Determine f(d).
3
Let u(t) = 3196 - 1599 - 1597 + 3*t**2 + 6*t. Calculate u(-4).
24
Let u(t) = -t**3 + 6*t**3 - 4*t**3 - 2*t - 3*t**2 + 2*t**2 + 0*t**2. What is u(3)?
12
Let p(o) be the first derivative of -o**3/3 + 5*o**2/2 - 7. Suppose -18 - 18 = -9*l. Give p(l).
4
Let r(x) = 4*x + 1. Let d(y) = y**3 + y**2 + 2*y - 1. Let n be d(-2). Let c(g) = -g**2 - 8*g + 7. Let v be c(n). Give r(v).
-7
Let d(m) be the first derivative of -m**4/4 - 2*m**3 + 4*m**2 - 3*m + 347. Suppose -55 = 5*l - 20. Calculate d(l).
-10
Let h = 1352 - 1354. Let v(p) = -p**3 - 5*p**2 - 3*p + 3. Give v(h).
-3
Let y(h) be the second derivative of -h**4/12 - 5*h**3/3 - 11*h**2/2 + 102*h. Give y(-9).
-2
Let z(f) = -f**2 + 5*f + 2. Suppose 3*r - 3*y - 51 = 0, 42 = 3*r - y - 7. Suppose 6*q - 46 = -r. What is z(q)?
2
Let l(k) = 4*k**2 + 1. Let d be 9/18*(-2 - -4)*-1. What is l(d)?
5
Let i(w) = -w**2 - w + 1. Let y(k) = 10*k + 72. Let r be y(-7). Suppose -4*q - 5*t = 30, -q + 2*t - 16 = 3*q. Let c = r + q. Give i(c).
-5
Let v(l) be the first derivative of -l**2/2 - 2*l - 64. Determine v(5).
-7
Let j(m) = -23*m + 27*m - 5*m - m. Give j(-7).
14
Let r(b) = 6*b**2 + 5*b + 14. Let d(a) = -a**2 - a - 6. Let v(h) = -3*d(h) - r(h). Calculate v(2).
-12
Let z(i) = -3*i - 105. Let m be z(-34). Let b(c) = c**2 + c - 4. Calculate b(m).
2
Let l(o) = 4*o**2 - 6*o + 5. Let h be (13/52)/((-3)/8)*3. Let f(q) = 3*q**2 - 6*q + 5. Let j(z) = h*l(z) + 3*f(z). Calculate j(6).
5
Let f(v) be the first derivative of v**4/4 + 3*v**3 - v**2 - 12*v - 181. Calculate f(-9).
6
Suppose -11*l + 14*l = -18. Let w be (27/(-90)*8)/(l/20). Let x(q) = -2*q + 1. Calculate x(w).
-15
Suppose 0 = -7*c - 1 + 29. Suppose 0 = 5*b - c*v - 34, -1 = -b - 5*v - 0. Let x(h) = h**2 - 6*h - 4. Give x(b).
-4
Let n(f) = -f**3 - 5*f**2 + 5*f. Let a(z) = -z**2 + 0 - z**2 + 12 + 9*z. Let g = -105 - -111. Let j be a(g). What is n(j)?
6
Let x(s) be the second derivative of s**4/6 + 19*s**3/3 - 13*s**2 + 94*s + 2. Determine x(-20).
14
Let m(d) = d + 2. Let y(w) = 3*w - 2. Let h(b) = -4*m(b) + y(b). Calculate h(-8).
-2
Let v(c) = -c + 12. Let m be v(-10). Let g = 17 - m. Let l(r) be the second derivative of -r**4/12 - 7*r**3/6 + r**2/2 + r. Calculate l(g).
11
Let r(x) = 15*x + 2. Let i = 36 + -34. Give r(i).
32
Suppose -8 = 6*d - 11*d - f, 3*f = -d - 4. Let z(p) = 4*p**d - 8*p + 4 - 2*p**2 - 3*p**2. Let s be (-5)/(30/9)*(-98)/(-21). What is z(s)?
11
Let v(a) = -10 - 12*a**2 + a + 9 + 0*a. Let w be (-2)/4 + (-5)/(-10). Let f be w + (-1)/(-2)*2. Give v(f).
-12
Let b(k) = -k**2 - k - 1. Let x = -58 - -129. Let n = x + -72. Calculate b(n).
-1
Let v(k) be the second derivative of -2*k - 3*k**2 - 2/3*k**4 + 1/6*k**3 + 1/20*k**5 + 15. What is v(8)?
2
Let v be (0 - 0) + (0 - 5). Let g be (-3)/(-2) + v/(-10). Let r(b) = -b**2 + 0*b**2 - 3*b**g - b**2. Calculate r(-1).
-5
Suppose 11*y = 24 - 46. Let t(l) = l + 4. Give t(y).
2
Let t = 8 + -7. Let l(j) = -j**2 + j. Let o(a) = 6*a**2 - 5*a + 2. Let i(m) = t*o(m) + 4*l(m). Let v(f) be the first derivative of i(f). Calculate v(3).
11
Let m be -1 - (-22)/14 - 6/(-14). Let a(n) be the second derivative of n**5/5 - n**3/3 + n**2/2 + 8*n. Calculate a(m).
3
Suppose h - 4*r = -21, 30*h + 4*r - 1 = 27*h. Let q(p) = 2*p + 7. Give q(h).
-3
Let p(a) = -a**2 - 7*a + 8. Let h be p(-7). Let l(c) = -c**3 + 10*c**2 - 12*c + 3. What is l(h)?
35
Let t(l) = -2*l + 5. Let w be t(4). Let p be (0 - 0 - -8)/2. Let j(i) = 4 - 5*i - 3 + p*i + 3*i. Calculate j(w).
-5
Let u(s) = s**2 + 3*s + 73 - 18 - 22 - 43. Determine u(-6).
8
Let t(r) = -r + 3. Let x be (-12)/30 + (-26)/10. Let j be x + (9/3 - 6). Let n be 3*7/((-21)/j). Calculate t(n).
-3
Let i = -1/63 + 67/252. Let x(o) be the first derivative of i*o**4 - 4 - 3/2*o**2 + 4*o - 2/3*o**3. Determine x(3).
4
Let h(a) = a**2 - 1. Let r(s) = s**3 - 8*s**2 - 5*s - 3. Let f(x) = 3*h(x) + r(x). Suppose -36*q + 118 = -74 - 24. What is f(q)?
0
Let f(l) = -l**2 + 3*l + 1. Let i be f(2). Let o(w) = 2*w**2 + 21*w - 19. Let d(j) = -j**2 - 10*j + 9. Let c(g) = i*o(g) + 7*d(g). Give c(-8).
-2
Suppose -s - 4 = -5*s. Let d(a) be the first derivative of -a**5/12 + a**4/12 - a**3/6 - a**2/2 + 20. Let q(l) be the second derivative of d(l). Determine q(s).
-4
Let q(b) be the first derivative of -b**2/2 - b + 53. Suppose 6*u - 3*u + 18 = 0. What is q(u)?
5
Let l(y) = -21*y**2 + 7*y. Let a(v) = 15*v**2 - 4*v**2 - v - 2*v. Let f be (-1 + 0)*(-7 + 10) - -5. Let o(g) = f*l(g) + 5*a(g). Determine o(-1).
14
Let l(b) = -33*b - 40*b - 35*b + 104*b + 27. Give l(8).
-5
Let c(m) be the first derivative of -m**3/3 - 5*m**2 - 25*m + 148. Calculate c(-5).
0
Suppose 52*h = 47*